se c + 4*n = 2, 0 = 2*c + 2*n + 2*n. Calculate the remainder when 564 is divided by 324/6*(-1)/c.
24
Let n(o) = -2*o**3 - 20*o**2 - 44*o - 1. What is the remainder when 1097 is divided by n(-7)?
5
Suppose -5*g - 4680 = -10*g. Suppose 0 = 2*d + 2*m - 86, 7*m = -2*d + 3*m + 92. What is the remainder when (3/4)/(6/g) is divided by d?
37
Suppose 642 = 3*g - 0*g. Let i = 507 - -597. Let f = -1077 + i. Calculate the remainder when g is divided by f.
25
Let p be (-38)/4 - 12/(-24). What is the remainder when 7 - (p - (191 - -6)) is divided by 12?
9
Suppose 4*f - 40 = -4. Suppose f = 5*u + 4*u. What is the remainder when u*(4 - -133) - -4 is divided by 36?
33
Suppose -2*y = 2*y + 2*h - 6, 5*h = -4*y - 9. Suppose -j - 2*b - 32 = 0, -y*j + 4*b - 80 = -2*j. What is the remainder when (-44)/(-3) + 24/j is divided by 3?
2
Suppose -1525 - 1823 = -62*z. What is the remainder when 429 is divided by z?
51
Suppose 10 = -38*m + 33*m. Let q(h) = -184*h - 14. Calculate the remainder when q(m) is divided by 71.
70
Let s = -13588 + 23323. What is the remainder when s is divided by 13?
11
Let p = -14 - -21. What is the remainder when ((-3)/6 + 0)/((-7)/518) is divided by 2*-3*p/(-2)?
16
Suppose 0 = x - 10*g + 13*g - 89, 0 = -2*x - 5*g + 180. What is the remainder when x is divided by (13 - (-3 + 5))/1?
7
Let q(n) = -22*n + 250. Let p be q(3). Let u = p - 87. What is the remainder when u is divided by 31?
4
Let p = -110 - -164. Let m = p - 34. What is the remainder when m is divided by (1 - 1) + 2 + (-12)/(-12)?
2
Let s be (28/(-6) - -5)*-21. Let b(w) = 3*w**2 + 17*w - 14. Calculate the remainder when b(s) is divided by 13.
1
Let l(i) = 2*i + 17. Let a(m) = -4*m - 21. Suppose 52 = 3*s + 64. Let y be a(s). What is the remainder when 25 is divided by l(y)?
4
Let c(b) be the first derivative of -27 - 1/4*b**4 + 17/3*b**3 + 3*b - 7*b**2. What is the remainder when 67 is divided by c(16)?
32
Suppose 3*q - 57 = -93. Calculate the remainder when 238 is divided by (q/4)/(252/88 - 3).
18
Let s = 60 - -14. Let l be 1/3*3 + 158. Suppose l = 3*x + 114. Calculate the remainder when s is divided by x.
14
Let x(f) = 3*f**2 + 76*f + 435. Calculate the remainder when 154 is divided by x(-8).
2
Let i be (-1 + 1)/(1 + -3). Suppose i = 2*w - 74 + 24. Calculate the remainder when ((-2)/18)/((-1213)/1058949) is divided by w.
22
Suppose 0 = 179*l - 26796 - 41582. Calculate the remainder when l is divided by 56.
46
Let t = 98 - 35. Let n = t + -12. Let k = 257 + -231. Calculate the remainder when n is divided by k.
25
Let s be 48/5*30/12. Suppose -18*j + s = -15*j. What is the remainder when 16 is divided by j?
0
Let h = -446 + 450. What is the remainder when 172 is divided by 116/16 + (15/h - 3)?
4
Suppose -98*f + 9097 = -32259. What is the remainder when f is divided by 5?
2
Let g = -11 + 45. Suppose 2*v = -2*w + 114, -3*w - 2*v - 71 = -238. Let z = w - g. Calculate the remainder when z is divided by 11.
8
Suppose 0 = 3*s + 9, 4*k + 4*s - 62 = 182. Let w(i) = i**3 + 18*i**2 + 21. Let y be w(-18). Calculate the remainder when k is divided by (-16)/56 - -121*3/y.
13
Calculate the remainder when 3744/30 - (-222)/185 is divided by 93.
33
Let w(g) = 3*g**2 - 3*g - 4. Let t = 261 + -263. Suppose -5*v + 19 + 41 = 0. Calculate the remainder when w(t) is divided by v.
2
Suppose -96 = 4*j + 192. Let k = j - -217. What is the remainder when k is divided by 74?
71
Calculate the remainder when 18/(-84) - (-56217)/294 is divided by 36.
11
Let z = 32515 + -32068. Calculate the remainder when z is divided by 155.
137
Suppose 22*v - 85 = 224 + 329. What is the remainder when 2343 is divided by v?
23
Let c(i) = i**3 + 4*i**2 + 10*i - 53. What is the remainder when c(7) is divided by 17?
12
Suppose 0 = 4*y + 4*f - 252 + 24, -5*y + 5*f = -245. Let r be ((-1562)/88)/(2/8). Let t = -60 - r. What is the remainder when y is divided by t?
9
Suppose -b - 4*d = -4 + 7, b + 7 = -2*d. Let n = b + 47. Calculate the remainder when n is divided by 5.
1
Let h be -3 + (2 - 7)/(-4 + 3). Suppose -2*i + 4*i + 3*x = 297, h*x = 3*i - 439. What is the remainder when i is divided by 39?
30
Calculate the remainder when (-3)/6*-1*5168 is divided by 645.
4
Let a(y) = -8*y + 60. Let t(h) = -25*h + 179. Let g(i) = 7*a(i) - 2*t(i). What is the remainder when 112 is divided by g(7)?
12
Let y(i) = -3*i**3 - i**2 + 12*i - 34. Let l be y(-5). Calculate the remainder when 28 is divided by l/(-448) - 74/(-7).
8
Let l(b) = 39 + 28 + 59 + 12 - 13 - 5*b. What is the remainder when l(16) is divided by 6?
3
Let f = 7226 + -6422. What is the remainder when f is divided by 23?
22
Let r be -1073*(1 - -8 - 10). Suppose 9*a = 2122 + r. Calculate the remainder when a is divided by 51.
49
Suppose 0 = j - 125*g + 127*g - 483, 0 = 5*j - 3*g - 2441. Let y = -127 + 188. What is the remainder when j is divided by y?
60
Let j(k) = 56*k - 35. Let m be j(-2). Let d = 655 + m. What is the remainder when d is divided by 51?
49
Suppose -1075 = 3*q - 8*q. Calculate the remainder when q is divided by 12 + (-60)/48*-8.
17
Let q(m) = 780*m - 3090. What is the remainder when 114 is divided by q(4)?
24
Suppose -558*v + 329*v + 269*v = 320. What is the remainder when 723 is divided by v?
3
Let q(l) = -l**3 - 27*l**2 - 84*l - 273. Calculate the remainder when 8892 is divided by q(-24).
12
Let k = -1516 - -1541. What is the remainder when 296 is divided by k?
21
Let c(d) = -d**3 - 64*d**2 - 67*d - 94. Calculate the remainder when 284 is divided by c(-63).
126
Suppose -4*m = -j - 17 + 39, j = 5*m + 23. Let z(v) = 10*v - 155. Calculate the remainder when 37 is divided by z(j).
12
Let l(y) be the second derivative of -71*y**5/20 - y**4/3 + y**3/3 + 3*y**2/2 - 3*y - 2. Calculate the remainder when l(-1) is divided by 25.
18
Suppose 128*l - 120783 = 122071 - 42278. Calculate the remainder when l is divided by 16.
15
Let t = 7706 + -6037. Calculate the remainder when t is divided by 167.
166
Let m = -5795 - -10369. What is the remainder when m is divided by 30?
14
Suppose 163 = -6*r + 2032 + 879. Calculate the remainder when r is divided by 274.
184
Suppose -40*q + 38*q + 50 = 0. Suppose 33*i - 416 = q*i. Suppose -3*w + 1 + i = 4*g, w - 63 = -4*g. Calculate the remainder when 116 is divided by g.
14
Let c be 3*(3 + (-1 - 428/(-12))). Let p = -89 + c. Calculate the remainder when 41 is divided by p.
17
Suppose -2*b - 4*k = 0, 0 = -5*b + 4*k - 2*k + 60. Suppose -b*v + 1260 = -1020. What is the remainder when v is divided by 58?
54
Let h(m) = -12*m**2 + 611*m + 11. What is the remainder when h(36) is divided by 68?
63
Let v be (1 + -1)/((-15)/5). Suppose v*n - 12 = -4*n + 2*c, 4*c - 12 = -n. Calculate the remainder when n is divided by 1.
0
Suppose 0 = -5*c - 25, -3*c = m + c - 31. Let g(u) = 69*u + 1807. Calculate the remainder when g(-24) is divided by m.
49
Let h = 2410 - 2219. Suppose 7*r - 49 = 119. Calculate the remainder when h is divided by r.
23
Let g(h) = 750*h**2 + h + 69. What is the remainder when g(2) is divided by 612?
11
Suppose 454*c - 468*c + 9989 + 12327 = 0. Calculate the remainder when c is divided by 266.
264
Calculate the remainder when (-2)/(-4)*(-7 + 6)*(-295 - 3) is divided by 52.
45
Suppose -2405*b = -2396*b - 648. What is the remainder when b is divided by ((-90)/12)/((-2)/4)?
12
Let m = 21725 + -21686. Calculate the remainder when 302 is divided by m.
29
Suppose -c + 394 = -5*o, -3*c + 13*o = 4*o - 1188. Calculate the remainder when c is divided by 74.
29
Let m(o) = 2*o**2 - 18*o + 12. Let t be m(9). Suppose -4*q = -5*y + 28, -3*y + 3*q + t = -q. What is the remainder when 269 is divided by y?
5
Let o be 2*-4 - (-33 - -36). What is the remainder when (-90)/(-6) + -7 - o is divided by 10?
9
Let p = 27 + -45. Let k be ((-22)/p - 34/153) + -2. Calculate the remainder when k - (-1 + 0)/((-7)/(-147)) is divided by 11.
9
Suppose 5*k - 45 - 40 = 0. Suppose k = 4*w - 7. Calculate the remainder when 54 is divided by (w/8)/((52/(-80))/(-13)).
9
Let w(a) = -2*a**2 + 27*a - 36. What is the remainder when 158 is divided by w(10)?
22
Suppose -3*d + 5*q - 7*q - 5 = 0, 2*d + q + 4 = 0. What is the remainder when 3*1/6*34 is divided by (d*(-4)/(-24))/(2/(-40))?
7
Let m be (-6)/8*13320/(-135). Suppose -6*l + 4*l + m = 0. Calculate the remainder when 73 is divided by